ivided by 7?
6
What is the remainder when 960 is divided by 62?
30
Calculate the remainder when 171 is divided by 62.
47
Calculate the remainder when 1086 is divided by 25.
11
Calculate the remainder when 932 is divided by 119.
99
What is the remainder when 795 is divided by 20?
15
Calculate the remainder when 221 is divided by 25.
21
Calculate the remainder when 3024 is divided by 34.
32
Calculate the remainder when 84 is divided by 26.
6
Calculate the remainder when 1879 is divided by 33.
31
What is the remainder when 772 is divided by 5?
2
What is the remainder when 32 is divided by 11?
10
What is the remainder when 140 is divided by 65?
10
Calculate the remainder when 333 is divided by 68.
61
What is the remainder when 2025 is divided by 440?
265
What is the remainder when 7 is divided by 2?
1
What is the remainder when 1075 is divided by 40?
35
Calculate the remainder when 934 is divided by 168.
94
What is the remainder when 53 is divided by 19?
15
Calculate the remainder when 1812 is divided by 206.
164
Calculate the remainder when 773 is divided by 33.
14
What is the remainder when 179 is divided by 2?
1
Calculate the remainder when 44 is divided by 31.
13
What is the remainder when 110 is divided by 24?
14
What is the remainder when 2341 is divided by 4?
1
What is the remainder when 166 is divided by 84?
82
Calculate the remainder when 2371 is divided by 113.
111
Calculate the remainder when 16 is divided by 1.
0
What is the remainder when 1271 is divided by 98?
95
What is the remainder when 2692 is divided by 30?
22
What is the remainder when 358 is divided by 12?
10
Calculate the remainder when 754 is divided by 36.
34
Calculate the remainder when 11098 is divided by 75.
73
Calculate the remainder when 1475 is divided by 707.
61
Calculate the remainder when 3645 is divided by 304.
301
What is the remainder when 857 is divided by 32?
25
Calculate the remainder when 988 is divided by 165.
163
Calculate the remainder when 272 is divided by 39.
38
Calculate the remainder when 523 is divided by 284.
239
Calculate the remainder when 2186 is divided by 16.
10
What is the remainder when 1043 is divided by 1014?
29
What is the remainder when 454 is divided by 13?
12
Calculate the remainder when 174 is divided by 8.
6
Calculate the remainder when 45 is divided by 16.
13
What is the remainder when 34 is divided by 15?
4
Calculate the remainder when 642 is divided by 165.
147
What is the remainder when 82 is divided by 5?
2
What is the remainder when 1221 is divided by 72?
69
What is the remainder when 450 is divided by 64?
2
What is the remainder when 373 is divided by 59?
19
Calculate the remainder when 68 is divided by 35.
33
What is the remainder when 541 is divided by 162?
55
What is the remainder when 639 is divided by 225?
189
What is the remainder when 197 is divided by 20?
17
What is the remainder when 1161 is divided by 383?
12
What is the remainder when 244 is divided by 87?
70
Calculate the remainder when 277 is divided by 8.
5
What is the remainder when 1995 is divided by 994?
7
Calculate the remainder when 2865 is divided by 356.
17
Calculate the remainder when 37 is divided by 8.
5
What is the remainder when 247 is divided by 47?
12
What is the remainder when 489 is divided by 41?
38
Calculate the remainder when 165 is divided by 28.
25
What is the remainder when 2967 is divided by 371?
370
What is the remainder when 54 is divided by 15?
9
Calculate the remainder when 2753 is divided by 306.
305
Calculate the remainder when 72 is divided by 51.
21
What is the remainder when 2373 is divided by 24?
21
Calculate the remainder when 11495 is divided by 27.
20
What is the remainder when 8158 is divided by 120?
118
Calculate the remainder when 244 is divided by 21.
13
What is the remainder when 4327 is divided by 7?
1
What is the remainder when 149 is divided by 25?
24
What is the remainder when 35 is divided by 23?
12
Calculate the remainder when 55 is divided by 14.
13
What is the remainder when 589 is divided by 100?
89
What is the remainder when 549 is divided by 22?
21
Calculate the remainder when 1919 is divided by 475.
19
What is the remainder when 146 is divided by 25?
21
What is the remainder when 132 is divided by 9?
6
What is the remainder when 164 is divided by 55?
54
Calculate the remainder when 1606 is divided by 95.
86
What is the remainder when 360 is divided by 52?
48
Calculate the remainder when 5946 is divided by 85.
81
What is the remainder when 868 is divided by 41?
7
What is the remainder when 1038 is divided by 121?
70
Calculate the remainder when 407 is divided by 41.
38
What is the remainder when 3 is divided by 1?
0
Calculate the remainder when 2446 is divided by 34.
32
Calculate the remainder when 234 is divided by 12.
6
Calculate the remainder when 367 is divided by 132.
103
What is the remainder when 250 is divided by 63?
61
Calculate the remainder when 51 is divided by 15.
6
Calculate the remainder when 365 is divided by 349.
16
Calculate the remainder when 13101 is divided by 78.
75
What is the remainder when 82 is divided by 26?
4
Calculate the remainder when 366 is divided by 18.
6
What is the remainder when 205 is divided by 19?
15
What is the remainder when 169 is divided by 85?
84
Calculate the remainder when 94 is divided by 71.
23
What is the remainder when 256 is divided by 4?
0
Calculate the remainder when 880 is divided by 14.
12
Calculate the remainder when 1416 is divided by 29.
24
Calculate the remainder when 698 is divided by 134.
28
Calculate the remainder when 579 is divided by 20.
19
What is the remainder when 896 is divided by 75?
71
Calculate the remainder when 6222 is divided by 49.
48
What is the remainder when 278 is divided by 70?
68
What is the remainder when 501 is divided by 178?
145
What is the remainder when 234 is divided by 17?
13
Calculate the remainder when 248 is divided by 11.
6
Calculate the remainder when 268 is divided by 16.
12
What is the remainder when 1423 is divided by 5?
3
Calculate the remainder when 199 is divided by 36.
19
What is the remainder when 2557 is divided by 40?
37
Calculate the remainder when 181 is divided by 156.
25
What is the remainder when 16014 is divided by 45?
39
What is the remainder when 1349 is divided by 15?
14
Calculate the remainder when 284 is divided by 96.
92
What is the remainder when 85 is divided by 28?
1
What is the remainder when 244 is divided by 53?
32
What is the remainder when 461 is divided by 14?
13
Calculate the remainder when 392 is divided by 44.
40
Calculate the remainder when 141 is divided by 33.
9
What is the remainder when 1511 is divided by 51?
32
Calculate the remainder when 1548 is divided by 223.
210
Calculate the remainder when 1186 is divided by 36.
34
What is the remainder when 222 is divided by 94?
34
What is the remainder when 47 is divided by 33?
14
Calculate the remainder when 187 is divided by 84.
19
Calculate the remainder when 348 is divided by 10.
8
Calculate the remainder when 1733 is divided by 101.
16
What is the remainder when 1753 is divided by 39?
37
What is the remainder when 263 is divided by 15?
8
What is the remainder when 4939 is divided by 52?
51
What is the remainder when 106 is divided by 22?
18
Calculate the remainder when 11936 is divided by 30.
26
Calculate the remainder when 775 is divided by 37.
35
Calculate the remainder when 178 is divided by 65.
48
Calculate the remainder when 31 is divided by 14.
3
Calculate the remainder when 43 is divided by 16.
11
What is the remainder when 73 is divided by 15?
13
What is the remainder when 85 is divided by 68?
17
Calculate the remainder when 148 is divided by 78.
70
What is the remainder when 138 is divided by 5?
3
What is the remainder when 360 is divided by 19?
18
Calculate the remainder when 1267 is divided by 421.
4
Calculate the remainder when 362 is divided by 6.
2
Calculate the remainder when 157 is divided by 32.
29
Calculate the remainder when 128 is divided by 45.
38
What is the remainder when 92 is divided by 62?
30
What is the remainder when 26097 is divided by 150?
147
What is the remainder when 117 is divided by 10?
7
What is the remainder when 493 is divided by 19?
18
Calculate the remainder when 78 is divided by 40.
38
W